 g(-7).
-32
Let g(l) = l**3 + 3*l**2 - 2*l + 2. Determine g(-3).
8
Let o(d) = 40*d - 30. Calculate o(0).
-30
Let d(y) = -2*y**3 - 16*y**2 - 2*y - 25. Calculate d(-8).
-9
Let k(z) = z**2 - 13*z + 20. What is k(11)?
-2
Let s(a) = 36*a + 3. Give s(0).
3
Let f(o) = -o**3 - 21*o**2 + 22*o + 30. Determine f(-22).
30
Let o(c) = 28*c + 193. Give o(-7).
-3
Let o(u) = u**3 + 3*u**2 + 5*u + 3. Give o(-2).
-3
Let m(f) = -23*f + 2. Calculate m(2).
-44
Let s(t) = 22*t + 29. Calculate s(-5).
-81
Let v(p) = 26*p - 187. Calculate v(7).
-5
Let m(y) = -3*y**2 + 3*y + 96. Give m(-5).
6
Let h(c) = 2*c**2 - 8*c + 9. Give h(4).
9
Let u(j) = -6*j**2 - 21*j + 1. Calculate u(-4).
-11
Let r(j) = j**2 + 8*j - 6. Give r(-8).
-6
Let s(w) = w**3 - 16*w**2 - w + 12. Calculate s(16).
-4
Let p(o) = -3*o + 44. Determine p(13).
5
Let h(a) = -3*a**3 - 15*a**2 + 3*a. Determine h(-5).
-15
Let j(w) = -w**3 - 8*w**2 - 7*w - 4. Determine j(-7).
-4
Let z(o) = 2*o + 37. Calculate z(-7).
23
Let a(t) = t**2 + 11. Determine a(6).
47
Let p(y) = -y**3 - 25*y**2 - 48*y - 50. Give p(-23).
-4
Let k(y) = y**2 + 4*y - 14. Calculate k(-12).
82
Let p(m) = -5*m - 6. Determine p(-2).
4
Let m(q) = -3*q - 18. Determine m(-10).
12
Let q(k) = 7*k + 2. What is q(-1)?
-5
Let v(c) = -c**3 - 14*c**2 - 13*c + 5. Determine v(-13).
5
Let g(h) = h**3 - 3*h**2 - 40*h. What is g(-5)?
0
Let t(a) = -9*a + 1. What is t(-3)?
28
Let j(a) = -8*a - 86. Calculate j(-7).
-30
Let a(s) = 48*s**2 - 1. Give a(1).
47
Let s(v) = 2*v + 4. What is s(-3)?
-2
Let a(v) = -v**3 - 3*v**2 + 4*v + 7. What is a(-4)?
7
Let b(m) = 2*m - 15. Determine b(6).
-3
Let j(x) = 8*x - 60. Determine j(7).
-4
Let b(t) = -2*t - 67. Calculate b(-31).
-5
Let a(c) = -c**2 - 12*c - 15. What is a(-12)?
-15
Let k(c) = 4*c**2 + 3*c - 4. What is k(-3)?
23
Let m(t) = -4*t - 23. Determine m(-10).
17
Let q(w) = -w**3 - 5*w**2 + 13*w - 1. What is q(-7)?
6
Let r(b) = b**2 + 6*b - 10. What is r(-6)?
-10
Let p(v) = -v**2 - 7*v - 6. Calculate p(-6).
0
Let l(i) = -i - 1. Give l(2).
-3
Let o(i) = 6*i - 257. Calculate o(41).
-11
Let f(u) = -5*u**2 - u + 1. What is f(3)?
-47
Let c(t) = 11*t - 15. What is c(7)?
62
Let h(o) = o**2 + 6*o - 39. Give h(5).
16
Let o(t) = -t**2 - 6*t + 22. Determine o(0).
22
Let h(n) = 7*n - 36. What is h(6)?
6
Let t(c) = -44*c - 351. What is t(-8)?
1
Let j(s) = s**2 + 4*s + 8. What is j(-4)?
8
Let w(h) = -h**2 + 7*h - 6. Give w(5).
4
Let n(h) = -h - 7. Calculate n(-6).
-1
Let i(p) = -p**2 - 10*p - 25. What is i(-7)?
-4
Let y(z) = z**3 + 12*z**2 + 12*z - 7. Give y(-11).
-18
Let n(m) = -2*m - 1. Calculate n(0).
-1
Let r(m) = m**3 - 33*m**2 + 31*m + 28. Determine r(32).
-4
Let f(v) = -6*v - 29. Determine f(-5).
1
Let l(m) = -m. Determine l(12).
-12
Let y(f) = -16*f + 6. Determine y(2).
-26
Let a(x) = 2*x - 2. What is a(5)?
8
Let n(y) = -y**2 + 12*y + 2. Determine n(13).
-11
Let k(g) = -4*g**2 - 5*g + 1. Calculate k(-4).
-43
Let v(f) = -f**2 - 4*f + 10. What is v(-4)?
10
Let w(b) = -2*b + 24. What is w(13)?
-2
Let c(f) = -f**3 + 8*f**2 + 11*f - 29. What is c(9)?
-11
Let v(b) = 33*b**3 + b**2 - 1. What is v(-1)?
-33
Let u(j) = j - 16. Give u(10).
-6
Let y(p) = 9*p - 58. What is y(7)?
5
Let g(v) = -v**2 + v - 21. Determine g(7).
-63
Let q(p) = p**2 + 3*p - 2. Determine q(-5).
8
Let b(m) = m**2 + 21*m + 50. Give b(-15).
-40
Let y(x) = -2*x**3 + 2*x**2 + 4*x - 1. Calculate y(2).
-1
Let g(k) = -k**3 - 3*k**2 + 11*k - 12. Give g(2).
-10
Let y(o) = 4*o + 3. Determine y(-3).
-9
Let l(k) = 21*k + 102. What is l(-5)?
-3
Let q(g) = -60*g - 66. Calculate q(-3).
114
Let j(o) = -7*o + 5. Calculate j(-7).
54
Let y(a) = a**2 + 6*a + 6. What is y(-8)?
22
Let w(d) = -d**2 - 4*d - 1. Give w(-5).
-6
Let a(s) = -s**3 + 18*s**2 + 13. What is a(18)?
13
Let s(u) = u**3 - 8*u**2 - 10*u + 16. Determine s(5).
-109
Let u(h) = -74*h - 370. Calculate u(-5).
0
Let n(k) = -k**2 + 2*k - 2. Determine n(-5).
-37
Let w(c) = -2*c**2 - 8*c - 3. Determine w(-6).
-27
Let w(z) = z**3 - 15*z**2 - 6*z + 86. Determine w(15).
-4
Let x(q) = 4*q + 21. What is x(-13)?
-31
Let y(d) = -17*d + 672. Give y(40).
-8
Let s(r) = r**2 - 4*r. Give s(4).
0
Let s(d) = d + 23. Calculate s(13).
36
Let f(l) = -l**2 + 7*l + 9. What is f(-2)?
-9
Let v(x) = x**3 + 18*x**2 - 22*x - 24. Give v(-19).
33
Let r(v) = -v**3 + 8*v**2 - v - 18. What is r(8)?
-26
Let s(x) = x**2 + 10*x + 18. What is s(-7)?
-3
Let s(y) = 5*y + 123. Calculate s(-26).
-7
Let t(o) = -o**2 - 17*o - 11. What is t(-15)?
19
Let g(v) = -v - 59. Determine g(-13).
-46
Let p(b) = -b**3 + b**2 + 3*b + 2. Determine p(-2).
8
Let s(z) = -3*z - 8. Give s(-4).
4
Let k(a) = 3*a. Give k(1).
3
Let c(g) = 7*g - 5. What is c(5)?
30
Let x(p) = -p**2 + 1. What is x(2)?
-3
Let o(x) = x**3 + x**2 - 2*x + 4. What is o(0)?
4
Let i(t) = t**3 + 5*t**2 - 3*t - 13. What is i(-5)?
2
Let o(s) = 18*s - 2. Determine o(-3).
-56
Let k(c) = -c**2 - 28*c - 88. What is k(-3)?
-13
Let i(c) = c**3 + 9*c**2 - 2*c - 11. What is i(-9)?
7
Let d(i) = i**2 - 4*i - 6. Give d(6).
6
Let o(n) = 2*n**2 - 7*n - 23. Determine o(-5).
62
Let f(z) = -z**3 + 10*z**2 - 8*z - 11. Calculate f(9).
-2
Let v(b) = b**2 - 3*b. What is v(3)?
0
Let l(j) = j**2 - 2*j - 13. Determine l(-3).
2
Let v(o) = 29*o + 263. Give v(-9).
2
Let r(k) = k**3 + 8*k**2 + 15*k + 48. What is r(-7)?
-8
Let a(s) = s + 2. Give a(-14).
-12
Let n(t) = -t + 14. Determine n(9).
5
Let k(n) = -n + 12. Calculate k(14).
-2
Let y(c) = -c - 12. Calculate y(9).
-21
Let f(r) = -r**3 + 4*r**2 + 16*r - 12. Calculate f(6).
12
Let l(x) = 80*x - 165. Calculate l(2).
-5
Let p(c) = -c**3 - 27*c**2 - 52*c - 56. What is p(-25)?
-6
Let r(i) = -19*i + 211. Give r(10).
21
Let o(f) = f**3 - 13*f**2 - 14*f + 6. Give o(14).
6
Let d(p) = -4*p + 21. Determine d(6).
-3
Let t(c) = -2*c**2 + 2*c - 2. Give t(3).
-14
Let s(a) = 9*a - 57. What is s(7)?
6
Let w(z) = -2*z - 11. Give w(-8).
5
Let m(t) = -t**3 - 13*t**2 + 6*t + 17. Calculate m(-13).
-61
Let y(b) = 12*b + 25. Calculate y(-2).
1
Let t(y) = 3*y**2 + 6*y - 16. Give t(2).
8
Let o(w) = -34*w - 142. Calculate o(-4).
-6
Let u(a) = -7*a - 84. Determine u(-13).
7
Let v(d) = 13*d - 1. Give v(1).
12
Let n(m) = -13*m**3 + m**2 - 1. What is n(1)?
-13
Let c(r) = -3*r**3 - 3*r**2 + 2*r + 4. Determine c(-3).
52
Let m(o) = 2*o**2 + 2. Give m(2).
10
Let z(b) = -b**2 + 5*b - 4. Give z(10).
-54
Let z(b) = -4*b + 94. Determine z(22).
6
Let n(c) = -c**2 - c + 36. Give n(6).
-6
Let i(v) = v**3 + 2*v**2 + 4*v - 1. Calculate i(-5).
-96
Let j(n) = 14*n + 3. Calculate j(-4).
-53
Let t(a) = a**3 - 9*a**2 + 10*a + 3. Give t(8).
19
Let p(w) = -w**2 + 12*w + 3. Give p(7).
38
Let m(h) = -h**2 - 2*h + 14. Calculate m(0).
14
Let m(z) = -z**2 - 7*z + 4. Give m(-5).
14
Let l(b) = b - 47. What is l(-6)?
-53
Let y(z) = -39*z + 426. Give y(11).
-3
Let h(j) = -43*j**2 - 4*j + 5. Determine h(2).
-175
Let o(u) = 31*u**3 - u. What is o(1)?
30
Let w(c) = -c**2 - 18*c + 18. What is w(-18)?
18
Let n(v) = -42*v. Give n(3).
-126
Let c(n) = 6*n**2 + n. Determine c(-1).
5
Let o(u) = u**3 + 3*u**2 + 4*u - 1. Calculate o(-3).
-13
Let m(k) = 6*k - 49. Calculate m(7).
-7
Let j(v) = v**3 - v**2 - 33. Determine j(0).
-33
Let n(j) = j**3 - 3*j**2 + j + 1. Give n(3).
4
Let q(b) = -b**2 - 17*b + 15. What is q(-18)?
-3
Let n(f) = 47*f - 96. Give n(2).
-2
Let d(m) = m**2 + 2*m - 8. What is d(3)?
7
Let y(p) = -p**3 + 5*p**2 + p - 4. What is y(6)?
-34
Let p(c) = c**2 - 10*c - 29. Determine p(13).
10
Let i(x) = -2*x**3 + 14*x**2 + 12*x - 79. What is i(7)?
5
Let n(m) = -m**3 + 14*m**2 + 14*m + 6. Calculate n(15).
-9
Let n(v) = -v**2 - 4*v + 8. Calculate n(-7).
-13
Let j(q) = q**2 + 63*q - 251. What is j(4)?
17
Let f(v) = -3*v - 34. Calculate f(-11).
-1
Let a(f) = f**3 + 21*f**2 + 21*f + 19. What is a(-20)?
-1
Let b(d) = -2*d**2 + 13*d - 11. Give b(6).
-5
Let n(i) = -i**2 + 10*i - 16. Give n(7).
5
Let v(k) = k**2 - k + 3. Determine v(0).
3
Let w(r) = -5*r - 133. Give w(-31).
22
Let q(p) = 2*p**3 - 5*p + 3. What is q(3)?
42
Let t(b) = -b**3 + 11*b**2 + 13*b - 15. Give t(12).
-3
Let p(i) = i**2 - 16*i + 30. What is p(15)?
15
Let x(n) = -n**3 - 4*n**2 + 12*n + 1. Determine x(-6).
1
Let m(i) = i**2 + 26*i - 142. Determine m(5).
13
Let b(j) = j**2 - j - 3. What is b(2)?
-1
Let i(a) = -12*a. Give i(-12).
144
Let h(p) = -p**2 + 10*p. Calculate h(10).
0
Let x(z) = z**3 + 